
6
Calculate the highest common factor of 348067 and 139777.
131
What is the greatest common divisor of 377156 and 4069?
13
What is the highest common divisor of 799 and 15606?
17
What is the greatest common factor of 32526 and 5650398?
234
Calculate the highest common divisor of 87399 and 274066.
1079
Calculate the greatest common divisor of 33383 and 1539.
19
What is the highest common divisor of 163894 and 1912578?
722
What is the highest common factor of 9302634 and 3168?
198
Calculate the highest common divisor of 574 and 851447.
41
Calculate the greatest common divisor of 12099274 and 198.
22
Calculate the highest common divisor of 5410240 and 1039012.
6148
What is the greatest common divisor of 1042 and 117388594?
1042
What is the highest common divisor of 92574 and 19745784?
2502
Calculate the greatest common factor of 395 and 149423286.
79
Calculate the greatest common factor of 25 and 287464825.
25
What is the greatest common divisor of 33102480 and 480?
240
Calculate the highest common factor of 264 and 38381838.
66
Calculate the greatest common divisor of 331122 and 41238.
174
Calculate the highest common factor of 74477070 and 180.
90
What is the highest common factor of 290 and 12031404?
58
What is the highest common divisor of 181632036 and 84?
12
What is the greatest common factor of 1903 and 177416863?
173
Calculate the greatest common divisor of 28512610 and 98.
98
What is the highest common divisor of 66243386 and 242?
242
Calculate the greatest common divisor of 1546576 and 1992.
8
Calculate the highest common divisor of 8344 and 3316376.
56
Calculate the highest common factor of 576 and 8483634.
18
What is the greatest common factor of 34963218 and 2764?
1382
What is the greatest common factor of 104 and 51041484?
52
Calculate the greatest common divisor of 2878 and 72833546.
2878
Calculate the greatest common factor of 28 and 87927378.
14
What is the highest common divisor of 45595824 and 1376?
688
Calculate the greatest common divisor of 2997 and 57589542.
81
What is the highest common factor of 122965203 and 2196?
183
What is the highest common divisor of 73068 and 1656?
12
What is the greatest common divisor of 2803173 and 26475?
1059
What is the highest common factor of 31210 and 17580?
10
What is the greatest common factor of 711866562 and 198?
66
What is the greatest common factor of 18611336 and 456?
152
What is the greatest common factor of 1815 and 4995969?
363
What is the greatest common factor of 51625 and 26845?
2065
Calculate the highest common factor of 4775837 and 132.
11
Calculate the highest common divisor of 7958 and 1995894.
46
What is the greatest common divisor of 30200 and 52960?
40
Calculate the greatest common divisor of 1792 and 149290752.
256
Calculate the greatest common factor of 20869411 and 487.
487
What is the greatest common divisor of 205470 and 2989710?
270
What is the greatest common divisor of 176 and 5260893?
11
What is the greatest common divisor of 53792146 and 2?
2
What is the highest common factor of 76238 and 446?
2
What is the highest common divisor of 114 and 51848378?
38
What is the greatest common divisor of 4904460 and 43780?
220
What is the greatest common factor of 377702 and 23246782?
5174
What is the highest common divisor of 2058491 and 1425320?
2741
Calculate the greatest common divisor of 616503 and 1157.
89
What is the highest common divisor of 10496349 and 138?
69
What is the greatest common divisor of 3387 and 328379811?
3387
What is the greatest common divisor of 300 and 2600800?
100
What is the greatest common factor of 102 and 363086?
34
What is the highest common factor of 60368 and 292768?
112
What is the highest common divisor of 22274 and 100751?
259
What is the highest common factor of 73612 and 29876?
308
Calculate the highest common factor of 162 and 13585077.
81
What is the highest common divisor of 23306563 and 13384?
1673
Calculate the highest common divisor of 6 and 78996834.
6
What is the highest common factor of 402270 and 13662?
1518
Calculate the highest common divisor of 218 and 63748541.
109
What is the highest common divisor of 68892083 and 37553?
2209
What is the highest common factor of 19458054 and 49623?
2919
What is the highest common divisor of 130614 and 5676?
66
Calculate the highest common divisor of 8272 and 515966.
1034
Calculate the highest common divisor of 36110 and 46690.
230
Calculate the highest common divisor of 22110 and 15620880.
330
Calculate the highest common divisor of 18 and 927827082.
18
What is the highest common divisor of 280 and 173685970?
10
What is the greatest common factor of 3475 and 571785535?
695
What is the greatest common divisor of 409144637 and 3259?
3259
Calculate the greatest common factor of 936 and 46898748.
468
Calculate the highest common divisor of 25177952 and 496.
496
What is the greatest common factor of 92 and 10868834?
46
What is the greatest common factor of 2275 and 4161815?
35
What is the highest common factor of 1111248 and 6224?
16
What is the greatest common factor of 9844300 and 150?
50
Calculate the greatest common factor of 732588 and 4182.
246
Calculate the greatest common divisor of 1200981 and 3756.
939
What is the highest common divisor of 4101 and 1516003?
1367
What is the greatest common divisor of 17546 and 797494?
566
What is the greatest common factor of 7471 and 4025423?
241
Calculate the highest common factor of 5420604 and 5593.
329
Calculate the highest common divisor of 238 and 8623097.
119
Calculate the greatest common divisor of 96 and 508657908.
12
Calculate the greatest common factor of 1262488563 and 189.
63
Calculate the greatest common divisor of 50454 and 33288428.
5606
What is the highest common factor of 43373 and 10494?
11
What is the greatest common factor of 190770 and 18330?
30
Calculate the highest common factor of 24 and 106739268.
12
What is the highest common divisor of 300549841 and 202?
101
What is the highest common factor of 4899298 and 272?
34
Calculate the highest common factor of 645355 and 15703.
383
Calculate the greatest common factor of 62 and 2232290.
2
Calculate the greatest common factor of 272 and 5295721.
17
Calculate the greatest common divisor of 1520 and 10532992.
304
What is the highest common factor of 2755949 and 6608?
413
Calculate the greatest common divisor of 24990 and 1838703.
51
What is the highest common factor of 1591565498 and 18654?
6218
Calculate the highest common factor of 83711172 and 3.
3
What is the greatest common divisor of 1575 and 2944025?
175
What is the highest common divisor of 209307 and 290283?
21
What is the highest common factor of 289 and 59790343?
289
What is the highest common factor of 3038904 and 1512?
216
What is the greatest common divisor of 6587423 and 106?
53
Calculate the greatest common divisor of 221337979 and 1981.
283
What is the greatest common factor of 83272126 and 37?
37
Calculate the highest common divisor of 13536 and 3188736.
288
Calculate the highest common divisor of 13 and 1130596961.
13
Calculate the highest common factor of 41512204 and 5954.
458
What is the greatest common divisor of 107876624 and 1150?
46
What is the highest common divisor of 30264192 and 256?
128
Calculate the greatest common factor of 2678 and 1189526.
26
What is the greatest common divisor of 9959975 and 2025?
25
Calculate the highest common factor of 102291545 and 6785.
295
What is the greatest common factor of 17697 and 275865?
1041
What is the greatest common divisor of 27792 and 242553136?
3088
Calculate the highest common divisor of 2828940 and 400.
20
Calculate the highest common divisor of 1986861 and 21.
3
Calculate the greatest common divisor of 107224 and 1280.
8
What is the greatest common factor of 251160 and 3900?
780
What is the greatest common factor of 6550 and 287398?
2
What is the greatest common divisor of 2516430 and 53970?
210
What is the highest common divisor of 23719986 and 15402?
906
What is the highest common factor of 44240 and 6964720?
560
What is the greatest common factor of 67019974 and 62440?
3122
What is the highest common factor of 3584520 and 18?
18
Calculate the greatest common factor of 18750958 and 284.
142
Calculate the highest common factor of 30 and 77732010.
30